{"id":259,"date":"2021-03-09T12:01:14","date_gmt":"2021-03-09T12:01:14","guid":{"rendered":"http:\/\/lemore.kreativa-italia.com\/?page_id=259"},"modified":"2021-03-09T12:35:08","modified_gmt":"2021-03-09T12:35:08","slug":"la-vigna-2","status":"publish","type":"page","link":"https:\/\/lemorebianche.com\/index.php\/la-vigna-2\/","title":{"rendered":"La vigna"},"content":{"rendered":"<p>[vc_row][vc_column width=&#8221;1\/2&#8243;][vc_column_text]<\/p>\n<h2>Il cortile di casa \u00e8 ombreggiato da un enorme gelso secolare che controlla tutte le mie vigne. Da questa pianta, che mi ha sempre donato ispirazione e tranquillit\u00e0, nasce il logo e il nome aziendale.<\/h2>\n<h2>Tra la fine di maggio e la fine di giugno se passate a trovarmi potete assaggiare le more bianche, che sono il frutto di questa pianta.<\/h2>\n<p>[\/vc_column_text][\/vc_column][vc_column width=&#8221;1\/2&#8243;]<div class=\"grve-element grve-image grve-align-center\" style=\"\"><img loading=\"lazy\" decoding=\"async\" width=\"960\" height=\"720\" src=\"https:\/\/lemorebianche.com\/wp-content\/uploads\/2021\/03\/gelso.jpg\" class=\"attachment-full size-full\" alt=\"\" srcset=\"https:\/\/lemorebianche.com\/wp-content\/uploads\/2021\/03\/gelso.jpg 1x,https:\/\/lemorebianche.com\/wp-content\/uploads\/2021\/03\/gelso.jpg 2x\" \/><\/div>[\/vc_column][\/vc_row][vc_row][vc_column]<div class=\"grve-element grve-partner-advanced grve-align-center \"><img loading=\"lazy\" decoding=\"async\" width=\"400\" height=\"271\" src=\"https:\/\/lemorebianche.com\/wp-content\/uploads\/2021\/03\/LOGO-LE-MORE-BIANCHEwhite-piccola.png\" class=\"attachment-full size-full grve-partner-logo\" alt=\"\" srcset=\"https:\/\/lemorebianche.com\/wp-content\/uploads\/2021\/03\/LOGO-LE-MORE-BIANCHEwhite-piccola.png 1x,https:\/\/lemorebianche.com\/wp-content\/uploads\/2021\/03\/LOGO-LE-MORE-BIANCHEwhite-piccola.png 2x\" \/>  <div class=\"grve-partner-content\">    <p class=\"grve-leader-text\">Tutto intorno in un unico appezzamento si estende il mio vigneto: 2,30 ettari di vigna met\u00e0 coltivati a Barbera e met\u00e0 a Nebbiolo.<\/p><a class=\"grve-btn grve-btn-medium grve-square grve-bg-primary-1\" href=\"#\" target=\"_self\" style=\"\"><span>Contattaci<\/span><\/a>  <\/div><\/div>[\/vc_column][\/vc_row][vc_row bg_type=&#8221;image&#8221; bg_image=&#8221;269&#8243; bg_image_type=&#8221;parallax&#8221; color_overlay=&#8221;dark&#8221; opacity_overlay=&#8221;40&#8243;][vc_column]<div class=\"grve-element grve-hr grve-space-divider\" style=\"padding-top: 30px;padding-bottom: 30px;\"><\/div>[vc_column_text]<\/p>\n<h2>Nel 2013 ho avuto la fortuna di diventare padre ed ho iniziato a vedere tutto con occhi diversi.\u00a0 La voglia di protezione nei confronti di mia figlia mi ha portato a decidere di gestire la vigna come una volta: con rame e zolfo\u2026\u00a0<span id=\"u1123-9\">basta con la chimica e i prodotti di sintesi.\u00a0<\/span>La paternit\u00e0 mi ha portato ad accrescere la sensibilit\u00e0 ed il rispetto per la natura. Nelle mie vigne semino ogni anno delle piante erbacee che andando a fiore e a seme attirano insetti utili e creano biodiversit\u00e0. Ho smesso di usare la trincia e la fresa e le ho sostituite con vecchi\u00a0<span id=\"u1123-11\">ripper<\/span>, una vangatrice ed un\u00a0<span id=\"u1123-13\">rasaerba<\/span>.<\/h2>\n<p>[\/vc_column_text]<div class=\"grve-element grve-hr grve-space-divider\" style=\"padding-bottom: 200px;\"><\/div>[\/vc_column][\/vc_row][vc_row][vc_column][vc_column_text]<\/p>\n<h2>Nel giro di tre anni tutto \u00e8 cambiato: la terra \u00e8 pi\u00f9 soffice, meno compatta e tutto il vigneto si \u00e8 popolato di insetti che prima non avevo mai visto.<\/h2>\n<h2>Anche i grilli che erano un lontano ricordo di quando ero bambino sono ritornati a saltare e a scavare gallerie nel terreno.<\/h2>\n<h2><span id=\"u1126-2\">Camminando tra i filari si percepisce una serenit\u00e0 che prima non c\u2019era.<\/span><\/h2>\n<p>[\/vc_column_text][\/vc_column][\/vc_row]<\/p>\n","protected":false},"excerpt":{"rendered":"<p>[vc_row][vc_column width=&#8221;1\/2&#8243;][vc_column_text] Il cortile di casa \u00e8 ombreggiato da un enorme gelso secolare che controlla tutte le mie vigne. Da questa pianta, che mi ha sempre donato ispirazione e tranquillit\u00e0, nasce il logo e il nome aziendale. Tra la fine di maggio e la fine di giugno se passate a trovarmi potete assaggiare le more [&hellip;]<\/p>\n","protected":false},"author":1,"featured_media":0,"parent":0,"menu_order":0,"comment_status":"closed","ping_status":"closed","template":"","meta":{"footnotes":""},"class_list":["post-259","page","type-page","status-publish","hentry"],"_links":{"self":[{"href":"https:\/\/lemorebianche.com\/index.php\/wp-json\/wp\/v2\/pages\/259","targetHints":{"allow":["GET"]}}],"collection":[{"href":"https:\/\/lemorebianche.com\/index.php\/wp-json\/wp\/v2\/pages"}],"about":[{"href":"https:\/\/lemorebianche.com\/index.php\/wp-json\/wp\/v2\/types\/page"}],"author":[{"embeddable":true,"href":"https:\/\/lemorebianche.com\/index.php\/wp-json\/wp\/v2\/users\/1"}],"replies":[{"embeddable":true,"href":"https:\/\/lemorebianche.com\/index.php\/wp-json\/wp\/v2\/comments?post=259"}],"version-history":[{"count":24,"href":"https:\/\/lemorebianche.com\/index.php\/wp-json\/wp\/v2\/pages\/259\/revisions"}],"predecessor-version":[{"id":292,"href":"https:\/\/lemorebianche.com\/index.php\/wp-json\/wp\/v2\/pages\/259\/revisions\/292"}],"wp:attachment":[{"href":"https:\/\/lemorebianche.com\/index.php\/wp-json\/wp\/v2\/media?parent=259"}],"curies":[{"name":"wp","href":"https:\/\/api.w.org\/{rel}","templated":true}]}}

<p>[vc_row][vc_column width=&#8221;1/2&#8243;][vc_column_text]</p>
<h2>Il cortile di casa è ombreggiato da un enorme gelso secolare che controlla tutte le mie vigne. Da questa pianta, che mi ha sempre donato ispirazione e tranquillità, nasce il logo e il nome aziendale.</h2>
<h2>Tra la fine di maggio e la fine di giugno se passate a trovarmi potete assaggiare le more bianche, che sono il frutto di questa pianta.</h2>
<p>[/vc_column_text][/vc_column][vc_column width=&#8221;1/2&#8243;]<div class="grve-element grve-image grve-align-center" style=""><img loading="lazy" decoding="async" width="960" height="720" src="https://lemorebianche.com/wp-content/uploads/2021/03/gelso.jpg" class="attachment-full size-full" alt="" srcset="https://lemorebianche.com/wp-content/uploads/2021/03/gelso.jpg 1x,https://lemorebianche.com/wp-content/uploads/2021/03/gelso.jpg 2x" /></div>[/vc_column][/vc_row][vc_row][vc_column]<div class="grve-element grve-partner-advanced grve-align-center "><img loading="lazy" decoding="async" width="400" height="271" src="https://lemorebianche.com/wp-content/uploads/2021/03/LOGO-LE-MORE-BIANCHEwhite-piccola.png" class="attachment-full size-full grve-partner-logo" alt="" srcset="https://lemorebianche.com/wp-content/uploads/2021/03/LOGO-LE-MORE-BIANCHEwhite-piccola.png 1x,https://lemorebianche.com/wp-content/uploads/2021/03/LOGO-LE-MORE-BIANCHEwhite-piccola.png 2x" />  <div class="grve-partner-content">    <p class="grve-leader-text">Tutto intorno in un unico appezzamento si estende il mio vigneto: 2,30 ettari di vigna metà coltivati a Barbera e metà a Nebbiolo.</p><a class="grve-btn grve-btn-medium grve-square grve-bg-primary-1" href="#" target="_self" style=""><span>Contattaci</span></a>  </div></div>[/vc_column][/vc_row][vc_row bg_type=&#8221;image&#8221; bg_image=&#8221;269&#8243; bg_image_type=&#8221;parallax&#8221; color_overlay=&#8221;dark&#8221; opacity_overlay=&#8221;40&#8243;][vc_column]<div class="grve-element grve-hr grve-space-divider" style="padding-top: 30px;padding-bottom: 30px;"></div>[vc_column_text]</p>
<h2>Nel 2013 ho avuto la fortuna di diventare padre ed ho iniziato a vedere tutto con occhi diversi.  La voglia di protezione nei confronti di mia figlia mi ha portato a decidere di gestire la vigna come una volta: con rame e zolfo… <span id="u1123-9">basta con la chimica e i prodotti di sintesi. </span>La paternità mi ha portato ad accrescere la sensibilità ed il rispetto per la natura. Nelle mie vigne semino ogni anno delle piante erbacee che andando a fiore e a seme attirano insetti utili e creano biodiversità. Ho smesso di usare la trincia e la fresa e le ho sostituite con vecchi <span id="u1123-11">ripper</span>, una vangatrice ed un <span id="u1123-13">rasaerba</span>.</h2>
<p>[/vc_column_text]<div class="grve-element grve-hr grve-space-divider" style="padding-bottom: 200px;"></div>[/vc_column][/vc_row][vc_row][vc_column][vc_column_text]</p>
<h2>Nel giro di tre anni tutto è cambiato: la terra è più soffice, meno compatta e tutto il vigneto si è popolato di insetti che prima non avevo mai visto.</h2>
<h2>Anche i grilli che erano un lontano ricordo di quando ero bambino sono ritornati a saltare e a scavare gallerie nel terreno.</h2>
<h2><span id="u1126-2">Camminando tra i filari si percepisce una serenità che prima non c’era.</span></h2>
<p>[/vc_column_text][/vc_column][/vc_row]</p>

<p>[vc_row][vc_column width=&#8221;1/2&#8243;][vc_column_text] Il cortile di casa è ombreggiato da un enorme gelso secolare che controlla tutte le mie vigne. Da questa pianta, che mi ha sempre donato ispirazione e tranquillità, nasce il logo e il nome aziendale. Tra la fine di maggio e la fine di giugno se passate a trovarmi potete assaggiare le more [&hellip;]</p>
